{"id":161,"date":"2020-02-18T17:25:26","date_gmt":"2020-02-18T17:25:26","guid":{"rendered":"https:\/\/irakaslegunea.net\/bhi\/?page_id=161"},"modified":"2024-08-26T08:50:23","modified_gmt":"2024-08-26T08:50:23","slug":"presentacion","status":"publish","type":"page","link":"https:\/\/www.zabalganabhi.eus\/?page_id=161&lang=es","title":{"rendered":"Presentaci\u00f3n"},"content":{"rendered":"\n<p>El instituto de Educaci\u00f3n Secundaria de Zabalgana se ubica en la ciudad de Vitoria-Gasteiz.<\/p>\n\n\n\n<p>Las caracter\u00edsticas del IES Zabalgana son:<\/p>\n\n\n\n<ol class=\"wp-block-list\">\n<li>Potenciar el uso del euskera<\/li>\n\n\n\n<li>Participativo &#8211; Democr\u00e1tico &#8211; Plural<\/li>\n\n\n\n<li>Aconfesional y tolerante<\/li>\n\n\n\n<li>Arraigado al entorno<\/li>\n\n\n\n<li>Reforzar el tratamiento de la diversidad<\/li>\n\n\n\n<li>Coeducaci\u00f3n<\/li>\n<\/ol>\n\n\n\n<p><strong>DIRECCI\u00d3N:<\/strong><\/p>\n\n\n\n<ul class=\"wp-block-list\">\n<li>DIRECTORA: Yolanda S\u00e1ez de Ibarra<\/li>\n\n\n\n<li>DIRECTORA ADJUNTA: Ane Urkiola<\/li>\n\n\n\n<li>JEFE DE ESTUDIOS: Sergio Olivera<\/li>\n\n\n\n<li>JEFE DE ESTUDIOS ADJUNTO: Aritz Arrizabalaga<\/li>\n\n\n\n<li>SECRETARIO: Aritz Taberna<\/li>\n<\/ul>\n\n\n\n<p><\/p>\n","protected":false},"excerpt":{"rendered":"<p>El instituto de Educaci\u00f3n Secundaria de Zabalgana se ubica en la ciudad de Vitoria-Gasteiz. Las caracter\u00edsticas del IES Zabalgana son: DIRECCI\u00d3N:<\/p>\n","protected":false},"author":1,"featured_media":0,"parent":0,"menu_order":0,"comment_status":"closed","ping_status":"closed","template":"","meta":{"footnotes":""},"class_list":["post-161","page","type-page","status-publish","hentry"],"_links":{"self":[{"href":"https:\/\/www.zabalganabhi.eus\/index.php?rest_route=\/wp\/v2\/pages\/161","targetHints":{"allow":["GET"]}}],"collection":[{"href":"https:\/\/www.zabalganabhi.eus\/index.php?rest_route=\/wp\/v2\/pages"}],"about":[{"href":"https:\/\/www.zabalganabhi.eus\/index.php?rest_route=\/wp\/v2\/types\/page"}],"author":[{"embeddable":true,"href":"https:\/\/www.zabalganabhi.eus\/index.php?rest_route=\/wp\/v2\/users\/1"}],"replies":[{"embeddable":true,"href":"https:\/\/www.zabalganabhi.eus\/index.php?rest_route=%2Fwp%2Fv2%2Fcomments&post=161"}],"version-history":[{"count":5,"href":"https:\/\/www.zabalganabhi.eus\/index.php?rest_route=\/wp\/v2\/pages\/161\/revisions"}],"predecessor-version":[{"id":5715,"href":"https:\/\/www.zabalganabhi.eus\/index.php?rest_route=\/wp\/v2\/pages\/161\/revisions\/5715"}],"wp:attachment":[{"href":"https:\/\/www.zabalganabhi.eus\/index.php?rest_route=%2Fwp%2Fv2%2Fmedia&parent=161"}],"curies":[{"name":"wp","href":"https:\/\/api.w.org\/{rel}","templated":true}]}}